Suppose 2*u - 100 = -2*u. Let p(s) = -74*s**2 + 3*s + 2. Let c be p(-1). Let g = -70 - c. What is the greatest common divisor of g and u?
5
Let a be 24/42 + 24/7. Suppose -a*x + 124 = -0. What is the highest common factor of 93 and x?
31
Suppose 5*v + 3*u - 2 = 0, -v + 5*v + 16 = 2*u. Let b be (8/(-2))/v - -24. Suppose 0 = -4*m - 4 + 108. What is the greatest common divisor of m and b?
26
Let r be (-2)/((-6)/135) + (-8)/4. Let o = r + 32. What is the highest common divisor of o and 15?
15
Suppose 7*c + 0 = -28. Let f be (7/c)/(21/(-84)). What is the highest common factor of f and 21?
7
Suppose 0 = 5*b, 4*c + b - 110 = 538. What is the greatest common factor of c and 36?
18
Suppose 21*x + 47 = 24*x + 2*a, 2*x - 5*a = 44. What is the highest common factor of x and 1411?
17
Suppose 23*m - 756 = 3798. Let o be 8*(3/(-12) - -3). What is the highest common divisor of m and o?
22
Suppose 233 = 4*r + i - 45, -3*r - 5*i + 217 = 0. Let d(p) = 2*p**2 - 7*p - 7. Let m be d(6). Calculate the highest common factor of r and m.
23
Let y(r) = 3*r**2 + 7. Let h be y(-3). Suppose 8*g - h = -10. Suppose 4*a = -0*a + 36. What is the highest common factor of g and a?
3
Suppose -3*s - 23 = -74. Let i(j) = -84*j**3 - 3*j**2. Let c be i(-2). Suppose 20 + c = 5*u. Calculate the greatest common factor of u and s.
17
Let h = 673 - 358. Suppose h = j + 4*j. What is the greatest common factor of j and 9?
9
Suppose 8*j + 616 - 2024 = 0. Calculate the greatest common factor of j and 110.
22
Suppose -2*o + 3*o + 0*o = 0. Suppose o = 4*x + 2*h - 168, 2*h = -x - 3*h + 42. Calculate the highest common divisor of x and 28.
14
Let r be 4/12 + 24/9. Suppose -2*l = r*l + 190. Let t = -26 - l. Calculate the highest common divisor of 96 and t.
12
Let o = -32 + 192. Suppose 6*c - o - 308 = 0. Calculate the highest common divisor of 26 and c.
26
Let s be 14/(-28) - (-290)/4. Suppose 2*p + 3*q - 36 = -2*q, -q - s = -4*p. Suppose -30 = 13*i - p*i. What is the highest common factor of i and 18?
6
Suppose -5*i - 1580 = 5*s, -5*i = s + 136 + 164. Let w = 504 + s. Calculate the highest common divisor of 23 and w.
23
Suppose j - 4*j + 11 = a, a = -2*j + 6. Let n be (-7)/35 + 571/j. Let o be -2*(-1 - -3) + n. Calculate the highest common factor of 10 and o.
10
Suppose 5*a - 80 = -4*z, 7*a - 8*a - z = -17. Calculate the highest common factor of a and 96.
12
Let z = 225 + -201. What is the highest common divisor of z and 15?
3
Let u(l) = l**3 + 24*l**2 + 14*l + 30. Let g be u(-14). What is the greatest common divisor of g and 39?
39
Let l = 43 - -69. Calculate the highest common divisor of l and 14.
14
Let o(w) = -w**3 + 2*w**2 + 3*w - 1. Let s be o(4). Let b be (0 + -1)*s/(-7). Let j be 9/b + 2 + 10. Calculate the highest common factor of 81 and j.
9
Let s be 60 - (-3 - 1 - (10 + -18)). What is the highest common divisor of s and 16?
8
Let q = -19 - -43. Let b be (5 + -11)/(-2 + (-69)/(-36)). Calculate the highest common factor of b and q.
24
Let h be (-52)/8*(-4 + 3 + -1). Calculate the greatest common divisor of h and 104.
13
Suppose -3*x = f - 8 - 16, -2*f = 2*x - 28. Let v = 217 - 154. Calculate the greatest common factor of v and f.
9
Let n(k) = 3*k**3 + 2*k**2 - 2*k + 1. Suppose 5*i = 6 - 1. Let y be n(i). Let c be (-3)/y*84/(-7). Calculate the highest common divisor of 81 and c.
9
Suppose -x = 6*x + 175. Let n be 9/15 - 110/x. What is the greatest common divisor of n and 20?
5
Suppose -2448 = -20*d + 732. Calculate the highest common divisor of d and 53.
53
Let w be ((-630)/(-147))/((-3)/(-21)). Calculate the greatest common divisor of 135 and w.
15
Let l(q) = -q**2 - 6*q - 3. Let z be l(-5). Let i be (-1446)/(-36) + z/(-12). Suppose -80 = 121*u - 126*u. Calculate the highest common divisor of i and u.
8
Let b be (2 + (-9)/6)*128. Let s be 8/(-36) + 4326/27. Calculate the greatest common factor of s and b.
32
Let d be (-4)/((-12)/27) + -4. Let b = -42 + 97. What is the highest common factor of d and b?
5
Let t be (11/(-4))/(2/(-8)). Let v(m) = -5*m - 8. Let u be v(-6). What is the highest common factor of u and t?
11
Let y = -26 + 42. Suppose -4*z = -l + 69 - 354, 15*z + 2*l - 1086 = 0. What is the greatest common factor of y and z?
8
Let o(f) = -f**3 - 4*f**2 - 6*f - 7. Suppose -4*x - 22 - 2 = -4*q, 4*q = x + 6. Let n be o(x). Let g = n - 61. What is the greatest common factor of g and 8?
8
Let v = -23 + 43. Let h be (4 - -1)*(-41 - -53). What is the greatest common divisor of v and h?
20
Let k(j) = -5*j**3 - 2. Let r be k(2). Let h = r + 126. Let u = h - 52. What is the highest common divisor of 48 and u?
16
Let v = 1338 - 439. Calculate the greatest common factor of 31 and v.
31
Let g = 192 - -69. Calculate the greatest common factor of 29 and g.
29
Let w(m) = -m**3 - 6*m**2 - 5*m - 5. Let z be w(-7). Suppose -4*x - 5*y + 6 + z = 0, x - 31 = 2*y. Calculate the highest common factor of x and 5.
5
Suppose -528 = -6*v + 5*v. What is the greatest common divisor of 66 and v?
66
Suppose 49*i - 41*i - 192 = 0. What is the highest common divisor of 3 and i?
3
Suppose 87*k - 1568 = 59*k. Calculate the greatest common factor of k and 7.
7
Let u = 20 + -13. Suppose 398 = 4*f + 5*t, -7*f + 310 = -4*f - 2*t. Suppose -3*d + 66 = -f. What is the greatest common factor of d and u?
7
Suppose 4*l = 2*k + 88, -5 = -4*k + 11. Calculate the highest common factor of 264 and l.
24
Let o(w) = w**2 + 3*w + 7. Suppose 0 = 4*s - 4*i - i - 30, 5*s - 29 = 2*i. Let f = -8 + s. Let t be o(f). Calculate the greatest common divisor of t and 21.
7
Suppose -581 = -5*a + 4*c, 0*c + 2*c = -4*a + 470. Calculate the highest common factor of 36 and a.
9
Let q(z) = 7*z + 25. Let j(l) = -29*l - 99. Let p(v) = -2*j(v) - 9*q(v). Let n be p(-12). Calculate the greatest common factor of 66 and n.
33
Let f be (-24)/(4/2)*(31 - 40). What is the greatest common factor of 4 and f?
4
Suppose 5*m + 165 = 5*z + 8*m, 2*z + m - 65 = 0. Calculate the greatest common factor of z and 54.
6
Let m be 458/(-687)*(-70)/(-4)*-18. Calculate the highest common divisor of 90 and m.
30
Let z(t) = t**2 - 25*t - 23. Let f be z(26). Suppose n = -f + 18. Calculate the highest common factor of 105 and n.
15
Let d(x) = -x**2 + 14*x + 13. Let p be d(9). Suppose -p*u - 23 = -59*u. Calculate the highest common factor of 46 and u.
23
Let k = -79 + 84. Suppose 2*b = -2*j + 112, -k*b + j + 285 - 17 = 0. What is the greatest common factor of b and 18?
18
Suppose -2 = 2*o - 8. Let h = o + 18. Calculate the highest common divisor of h and 189.
21
Suppose 0 = 3*l - 5*l. Let p = l + 2. Let h be 3454/55 + p/10. Calculate the highest common factor of 7 and h.
7
Suppose 2*n + 5*y - 27 + 2 = 0, -5*n - y + 51 = 0. What is the highest common divisor of 250 and n?
10
Let s(y) = 2*y - 4*y + y**2 - y**2 + y**2. Let c be s(3). Calculate the highest common factor of c and 21.
3
Let q(r) = -760*r - r**3 + 9*r**2 - 3 - 3 + 764*r. Let h be (-1)/2 - (-15)/2. Let g be q(h). What is the highest common divisor of 15 and g?
15
Let y = -159 + 229. Suppose -37 = -9*f + 26. Calculate the greatest common divisor of y and f.
7
Suppose 1392 = -165*d + 177*d. Calculate the greatest common divisor of 3364 and d.
116
Let b be 3 - (-71 + -2) - -2. Calculate the greatest common divisor of b and 26.
26
Let g be (248/20)/(9/945). Calculate the greatest common factor of 168 and g.
42
Suppose f + 17 = 5*s - 3*s, -4*s + 40 = -4*f. Suppose s*u = 4*u + 123. Suppose -4*h + u = -119. Calculate the greatest common divisor of h and 10.
10
Suppose -11*c + 12*c - 2*w - 80 = 0, 0 = -5*c - 2*w + 376. What is the greatest common divisor of 646 and c?
38
Suppose -5*r = -v + 2, 2*v + 0 = -2*r + 4. Let i(c) = c**2 + c - 17. Let f be i(-6). Suppose f + 11 = v*k. Calculate the highest common factor of 84 and k.
12
Let s be 6/10 + 3066/15. Let h = 325 - s. Calculate the highest common factor of 24 and h.
24
Let i(d) = d**2 - 12*d - 26. Let v be i(14). Suppose 2*u = -g + 111, 5*g + 93 = v*u - 0*g. Calculate the highest common factor of 18 and u.
18
Let w(i) = i**3 - 10*i**2 - 10*i + 10. Suppose -g + 9 = -2. Let a be w(g). What is the highest common divisor of a and 7?
7
Suppose 793 = 4*k - 55. Let j be (-10 - -7) + (6 - 0) - -1. Suppose 40 = j*v - k. Calculate the highest common factor of v and 7.
7
Let q(l) = 2 + 